remainder when 639779 is divided by 242?
173
What is the remainder when 1801023 is divided by 441?
420
What is the remainder when 41167573 is divided by 95?
83
What is the remainder when 133192 is divided by 2899?
2737
Calculate the remainder when 32968 is divided by 4092.
232
What is the remainder when 111570538 is divided by 109?
100
Calculate the remainder when 7862937 is divided by 97.
20
What is the remainder when 6200917 is divided by 44?
41
What is the remainder when 2596066 is divided by 27914?
64
What is the remainder when 4305338 is divided by 620?
58
Calculate the remainder when 575155 is divided by 19826.
201
What is the remainder when 9087787 is divided by 37?
32
What is the remainder when 250190 is divided by 68?
18
Calculate the remainder when 1671887 is divided by 334339.
192
Calculate the remainder when 7891253 is divided by 21799.
15
What is the remainder when 24050472 is divided by 45?
42
Calculate the remainder when 1760077 is divided by 5116.
173
Calculate the remainder when 131026381 is divided by 718.
715
Calculate the remainder when 679678 is divided by 2398.
1044
What is the remainder when 353662 is divided by 173590?
6482
What is the remainder when 42492994 is divided by 468?
466
Calculate the remainder when 75923 is divided by 8283.
1376
Calculate the remainder when 38347 is divided by 38344.
3
Calculate the remainder when 622204 is divided by 103700.
4
What is the remainder when 52941172 is divided by 17?
10
What is the remainder when 64686 is divided by 894?
318
What is the remainder when 1174116171 is divided by 2092?
2091
Calculate the remainder when 2799065 is divided by 933012.
29
Calculate the remainder when 1026504 is divided by 22304.
520
Calculate the remainder when 153610176 is divided by 76120.
16
What is the remainder when 19054655 is divided by 464745?
110
What is the remainder when 151553 is divided by 18924?
161
What is the remainder when 101876 is divided by 902?
852
What is the remainder when 239305 is divided by 59804?
89
Calculate the remainder when 18573079 is divided by 116.
87
Calculate the remainder when 1016805 is divided by 60.
45
What is the remainder when 17105664 is divided by 2850939?
30
Calculate the remainder when 31631378 is divided by 13.
12
What is the remainder when 3468354 is divided by 1156044?
222
Calculate the remainder when 66602628 is divided by 195.
183
Calculate the remainder when 97192418 is divided by 2381.
2379
What is the remainder when 4130996 is divided by 85?
81
Calculate the remainder when 309218308 is divided by 436133.
11
What is the remainder when 3147 is divided by 3116?
31
What is the remainder when 42414519 is divided by 8?
7
What is the remainder when 262342 is divided by 4233?
4129
Calculate the remainder when 268864567 is divided by 1876.
1875
Calculate the remainder when 667555 is divided by 33.
31
What is the remainder when 208385 is divided by 12250?
135
What is the remainder when 189111 is divided by 2132?
1495
Calculate the remainder when 4688399 is divided by 65.
14
What is the remainder when 43527 is divided by 3673?
3124
What is the remainder when 1141414 is divided by 228183?
499
What is the remainder when 2496131 is divided by 77987?
547
Calculate the remainder when 6874971 is divided by 194.
193
What is the remainder when 996919 is divided by 76676?
131
What is the remainder when 1065276 is divided by 588?
408
Calculate the remainder when 22118759 is divided by 74224.
7
What is the remainder when 207925437 is divided by 177?
174
What is the remainder when 3066566 is divided by 3129?
146
Calculate the remainder when 319420 is divided by 933.
334
Calculate the remainder when 14928 is divided by 13916.
1012
What is the remainder when 123419102 is divided by 10646?
24
What is the remainder when 500768 is divided by 197?
191
What is the remainder when 73336 is divided by 4859?
451
What is the remainder when 1582862 is divided by 527551?
209
Calculate the remainder when 50604159 is divided by 938.
935
What is the remainder when 188308633 is divided by 2164467?
4
What is the remainder when 2353878 is divided by 294234?
6
Calculate the remainder when 801755239 is divided by 572.
571
What is the remainder when 1029711 is divided by 171548?
423
What is the remainder when 2889060 is divided by 170?
80
Calculate the remainder when 354679 is divided by 24536.
11175
What is the remainder when 16627353 is divided by 324?
321
Calculate the remainder when 2095296 is divided by 2095287.
9
Calculate the remainder when 1760815 is divided by 1760793.
22
Calculate the remainder when 7748 is divided by 329.
181
What is the remainder when 11418640 is divided by 148?
144
What is the remainder when 7521283 is divided by 2974?
37
What is the remainder when 3015666 is divided by 185?
166
What is the remainder when 110288 is divided by 8739?
5420
What is the remainder when 1985210 is divided by 1985206?
4
What is the remainder when 77029 is divided by 76635?
394
What is the remainder when 49637 is divided by 723?
473
What is the remainder when 595937 is divided by 316?
277
What is the remainder when 286926 is divided by 813?
750
Calculate the remainder when 88713 is divided by 303.
237
Calculate the remainder when 1482430 is divided by 29.
8
Calculate the remainder when 1622128 is divided by 5407.
28
Calculate the remainder when 7751502 is divided by 3462.
84
What is the remainder when 12046 is divided by 208?
190
What is the remainder when 672584 is divided by 113?
8
What is the remainder when 52714 is divided by 1864?
522
What is the remainder when 89217506 is divided by 3917?
3914
Calculate the remainder when 6965304 is divided by 2600.
2504
What is the remainder when 109442926 is divided by 2091?
2077
What is the remainder when 47438 is divided by 1429?
281
Calculate the remainder when 12863 is divided by 5909.
1045
What is the remainder when 590720 is divided by 48?
32
What is the remainder when 14880274 is divided by 14880273?
1
What is the remainder when 13298799 is divided by 16?
15
Calculate the remainder when 914351 is divided by 1159.
1059
What is the remainder when 13984 is divided by 3099?
1588
Calculate the remainder when 269543 is divided by 38485.
148
Calculate the remainder when 25353728 is divided by 118.
12
What is the remainder when 97826847 is divided by 225?
222
Calculate the remainder when 996448 is divided by 14441.
19
Calculate the remainder when 1179671 is divided by 21844.
95
What is the remainder when 4466406 is divided by 174?
0
What is the remainder when 2219621 is divided by 58401?
383
Calculate the remainder when 963193 is divided by 43.
36
Calculate the remainder when 951146 is divided by 86196.
2990
Calculate the remainder when 14537 is divided by 445.
297
What is the remainder when 217276 is divided by 1523?
1010
Calculate the remainder when 6057414 is divided by 422.
26
What is the remainder when 11863453 is divided by 624377?
290
Calculate the remainder when 53612256 is divided by 239.
15
What is the remainder when 586204 is divided by 276?
256
Calculate the remainder when 429891 is divided by 1524.
123
Calculate the remainder when 156613 is divided by 2842.
303
Calculate the remainder when 1716473 is divided by 245196.
101
Calculate the remainder when 818338 is divided by 6878.
6734
Calculate the remainder when 1119099 is divided by 2769.
423
Calculate the remainder when 4143502 is divided by 317.
312
Calculate the remainder when 59895808 is divided by 283.
273
Calculate the remainder when 254764 is divided by 1633.
16
Calculate the remainder when 155696 is divided by 1073.
111
Calculate the remainder when 11761093 is divided by 904699.
6
Calculate the remainder when 3475813 is divided by 50.
13
What is the remainder when 20106 is divided by 126?
72
Calculate the remainder when 11301 is divided by 63.
24
What is the remainder when 9756671 is divided by 30?
11
Calculate the remainder when 753232 is divided by 19810.
452
Calculate the remainder when 633985 is divided by 1843.
1836
What is the remainder when 1020110221 is divided by 5296?
5293
What is the remainder when 143769 is divided by 7583?
7275
What is the remainder when 1296298 is divided by 276?
202
What is the remainder when 124795 is divided by 363?
286
What is the remainder